{"id":6,"date":"2012-04-19T11:41:41","date_gmt":"2012-04-19T11:41:41","guid":{"rendered":"http:\/\/www.marisohvimiettinen.com\/?page_id=6"},"modified":"2026-01-31T18:08:15","modified_gmt":"2026-01-31T18:08:15","slug":"cv","status":"publish","type":"page","link":"http:\/\/www.marisohvimiettinen.com\/?page_id=6","title":{"rendered":"CV"},"content":{"rendered":"<p><strong>Mari-Sohvi Miettinen<\/strong><\/p>\n<p>Architect (MSc), Arkkitehti SAFA<\/p>\n<p>Visual artist (BA), Kuvataitelija (AMK)<\/p>\n<p>Opettaja &amp; v\u00e4it\u00f6skirjatutkija Tampereen yliopistossa \/ Teacher &amp; Researcher at Tampere University<\/p>\n<p>Yritt\u00e4j\u00e4\/Entrepreneur, Arkkitehtistudio Patio<\/p>\n<p>1987 Iisalmi, Finland<\/p>\n<p>Asuu ja ty\u00f6skentelee Tampereella \/ Lives and works in Tampere<\/p>\n<p>Instagram: @patio.ark &amp; @tupatarinat<\/p>\n<p>marisohvi.miettinen(at)gmail.com<\/p>\n<p><strong>Education<\/strong><\/p>\n<p>Master&#8217;s Degree in Architecture, Tampere University, 2021<\/p>\n<p>Bachelor of Technology in Architecture, 2017<\/p>\n<p>Bachelor of Art and Media, Tampere University of Applied Sciences, 2012<\/p>\n<p>Creative Writing, 2006-2007, Oriveden opisto<\/p>\n<p>Graduate Student, 2005, Kuopion Yhteiskoulun musiikkilukio<\/p>\n<p><strong>Work experience<\/strong><\/p>\n<p>University Instructor, Architectural Design Basics, Tampere University School of Architecture, 2023\u2013<\/p>\n<p>Entrepreneur, Arkkitehtistudio Patio, 2021\u2013<\/p>\n<p>Teacher, Architectural Design Basics, Tampere University School of Architecture, 2017\u20132023<\/p>\n<p>Researcher, Kerake project, Sein\u00e4joki Urban laboratory of Tampere University, 2020\u20132022<\/p>\n<p>Junior Architect, Arkkitehdit A3 Oy, 2017\u20132020<\/p>\n<p>Junior Architect, A-Konsultit Oy, 2016\u20132016<\/p>\n<p>Production assistant for an exhibition &#8221;Kaupunki liikkeess\u00e4&#8221;, Architecture in Tampere by Tamsafa, Gallery Nottbeck, 2016<\/p>\n<p>Teaching assistant, Sara Hild\u00e9n -akatemia, Tampere, 2013-2014<\/p>\n<p>Printmaking trainee, Himmelblau, 2011<\/p>\n<p>Trainee, Gallery Huoltamo, 2009<\/p>\n<p><strong>Suunnittelukohteet<\/strong><\/p>\n<p style=\"font-weight: 400;\">2024 Kes\u00e4m\u00f6kki Tyrskykallio. P\u00e4\u00e4rakennus, vierasmaja ja saunam\u00f6kki. Arkkitehti- ja p\u00e4\u00e4suunnittelu. Porvoon saaristo.<\/p>\n<p style=\"font-weight: 400;\">2023 Talo Leppikaija. Omakotitalo. Arkkitehti- ja p\u00e4\u00e4suunnittelu. Lemp\u00e4\u00e4l\u00e4.<\/p>\n<p style=\"font-weight: 400;\">2022 Talo Kurjenpolvi. Omakotitalo. Arkkitehti- ja p\u00e4\u00e4suunnittelu. Pukkila.<\/p>\n<p><strong>Taideprojektit \/ Art projects<\/strong><\/p>\n<p style=\"font-weight: 400;\">2025 Talodialogit. Tampereen Arkkitehtuuri- ja Design-viikko. Yhdess\u00e4 ty\u00f6ryhm\u00e4n kanssa.<\/p>\n<p style=\"font-weight: 400;\">2025 Kaupunkikaava taideteoksena: M\u00e4nt\u00e4n kotiseutumuseo 2125. M\u00e4nt\u00e4n kuvataideviikot, M\u00e4ntt\u00e4. Yhdess\u00e4 Toisaaltan ja muun ty\u00f6ryhm\u00e4n kanssa.<\/p>\n<p style=\"font-weight: 400;\">2025 Landscape and Town Conservation: A Case Study on Sauna Culture in the Town of Tatsuno, Japan. Yhdess\u00e4 Tomoya Wakayaman ja Kimmo Hokkasen kanssa. Tatsuno, Japani.<\/p>\n<p style=\"font-weight: 400;\">2024 JUSTHEAT n\u00e4yttelysuunnittelu sek\u00e4 kuunnelma Pannuhuone. Tampereen Arkkitehtuuri- ja Design-viikko. Yhdess\u00e4 Justheat-tiimin ja Kimmo Hokkasen kanssa. Finlayson, Tampere.<\/p>\n<p style=\"font-weight: 400;\">2024 Korjaustaidetalo 2084. Yhteis\u00f6llinen installaatio, yhdess\u00e4 Kimmo Hokkasen ja ty\u00f6ryhm\u00e4n kanssa. Muutos.art-taidetalo, Tampere.<\/p>\n<p style=\"font-weight: 400;\">2023\u2013 Purkamisen hinta -kollektiivi. Purkukriittisi\u00e4 interventioita Tampereella. Yhdess\u00e4 ty\u00f6ryhm\u00e4n kanssa.<\/p>\n<p>2021Tasoja, kerroksia, arkkitehtien ja arkkitehtiopiskelijoiden taidetta, 2021, Vooninki-sali, Finlayson, Tampere<\/p>\n<p>2014 Dress rehearsal, Galleria 3h+k, Pori, with Irene Stachon<\/p>\n<p>2014 Oma huone, Kulttuurikeskus, Iisalmi<\/p>\n<p>2013 Pohjoinen rakkaus, Suomen pohjoismaisen taideliiton kutsun\u00e4yttely, Taidelaitos Haihatus, Joutsa<\/p>\n<p>2013, Minun Tampere, yhteis\u00f6taideteos lapsille LOP-tapahtumassa Lasten oikeuksien viikolla. Yhdess\u00e4 Marja Leena Puronniemen, Aila Lemmetyn ja Sara Hild\u00e9n -akatemian kanssa, Tampere, 2013<\/p>\n<p>2012 ERO, exhibition by graduating artists of Tampere University of Applied Sciences, Taidekeskus M\u00e4ltinranta, Tampere<\/p>\n<p>2011 Kes\u00e4 kaupungissa, ymp\u00e4rist\u00f6taideteos osana Arjen ihmeit\u00e4 -tapahtumaa, j\u00e4rjest\u00e4j\u00e4n\u00e4 Luova Tampere. Together with Laura Hetem\u00e4ki, Tampere<\/p>\n<p>2011 Kakkupaloja, Ikuinen Galleria, Tampere<\/p>\n<p>2010 Megagagaa, Galleria Nottbeck, Tampere<\/p>\n<p>2010 Lyhyt videokirjasto, Galleria Emil, Tampere<\/p>\n<p>2009 Avaruus Rullassa, Lastenkulttuurikeskus Rulla, Tampere. With Irene Stachon<\/p>\n<p><b>Luottamustoimet \/ Official Posts<\/b><\/p>\n<p>Arkkitehti-lehti, toimitusneuvoston j\u00e4sen \/ Member of Editorial Board of the Finnish Architectural Review, 2026\u2013<\/p>\n<p><span style=\"font-size: revert;\">SAFA, Kilpailutoimikunnan j\u00e4sen \/ Member of Competition Committee, 2019-2020<\/span><\/p>\n<p>Rajataide ry, Hallituksen j\u00e4sen \/ Member of Board, 2014-2016<\/p>\n<p><strong>\u00a0<\/strong><\/p>\n","protected":false},"excerpt":{"rendered":"<p>Mari-Sohvi Miettinen Architect (MSc), Arkkitehti SAFA Visual artist (BA), Kuvataitelija (AMK) Opettaja &amp; v\u00e4it\u00f6skirjatutkija Tampereen yliopistossa \/ Teacher &amp; Researcher at Tampere University Yritt\u00e4j\u00e4\/Entrepreneur, Arkkitehtistudio Patio 1987 Iisalmi, Finland Asuu ja ty\u00f6skentelee Tampereella \/ Lives and works in Tampere Instagram: @patio.ark &amp; @tupatarinat marisohvi.miettinen(at)gmail.com Education Master&#8217;s Degree in Architecture, Tampere University, 2021 Bachelor of Technology &hellip; <\/p>\n<p class=\"link-more\"><a href=\"http:\/\/www.marisohvimiettinen.com\/?page_id=6\" class=\"more-link\">Jatka lukemista<span class=\"screen-reader-text\"> &#8221;CV&#8221;<\/span><\/a><\/p>\n","protected":false},"author":1,"featured_media":0,"parent":0,"menu_order":0,"comment_status":"closed","ping_status":"closed","template":"","meta":[],"_links":{"self":[{"href":"http:\/\/www.marisohvimiettinen.com\/index.php?rest_route=\/wp\/v2\/pages\/6"}],"collection":[{"href":"http:\/\/www.marisohvimiettinen.com\/index.php?rest_route=\/wp\/v2\/pages"}],"about":[{"href":"http:\/\/www.marisohvimiettinen.com\/index.php?rest_route=\/wp\/v2\/types\/page"}],"author":[{"embeddable":true,"href":"http:\/\/www.marisohvimiettinen.com\/index.php?rest_route=\/wp\/v2\/users\/1"}],"replies":[{"embeddable":true,"href":"http:\/\/www.marisohvimiettinen.com\/index.php?rest_route=%2Fwp%2Fv2%2Fcomments&post=6"}],"version-history":[{"count":26,"href":"http:\/\/www.marisohvimiettinen.com\/index.php?rest_route=\/wp\/v2\/pages\/6\/revisions"}],"predecessor-version":[{"id":401,"href":"http:\/\/www.marisohvimiettinen.com\/index.php?rest_route=\/wp\/v2\/pages\/6\/revisions\/401"}],"wp:attachment":[{"href":"http:\/\/www.marisohvimiettinen.com\/index.php?rest_route=%2Fwp%2Fv2%2Fmedia&parent=6"}],"curies":[{"name":"wp","href":"https:\/\/api.w.org\/{rel}","templated":true}]}}